*f**5 + 11/2*f**2 - 1/3*f**4 - 12*f - f**3 + 3. Determine v(5).
6
Let y(u) = 168 + 5*u + u**3 - 6*u**2 - 81 - 43 - 49. Let i = -5 + 10. Give y(i).
-5
Suppose 3*m - 2*n = 19, -4*m - n = 2*n + 3. Suppose -16 = -4*f - 2*o, -f + 30 = m*f - 5*o. Let a(d) = 6*d - 6. Give a(f).
24
Let a(o) = -o**2 - 12*o - 14. Let j be (2/(-2) - 3) + 8 + -3 - -22. Suppose -i + 4*r + 29 = 0, 3*r = -2*i + 9 + 38. Suppose -20 = -j*l + i*l. Determine a(l).
6
Suppose 0 = -2*d + d + 3*x + 5, 5*x = -5*d + 5. Let c(m) = -27*m + 16. Let k(v) = -23*v + 12. Let q(a) = 3*c(a) - 4*k(a). Calculate q(d).
22
Let i(a) = a**2 + 2*a - 15. Let s be ((-5895)/2751)/(3/7). What is i(s)?
0
Let r(k) = 35*k - 232. Let j(u) = 17*u - 133. Let m(o) = 7*j(o) - 4*r(o). Determine m(-1).
18
Let o(c) = -c**2 - 10*c - 8. Let t(x) = -2*x**3 - 14*x**2 - 17*x + 10. Let p be t(-5). Calculate o(p).
17
Let t(g) = -4*g - g + 0*g. Let l = -166 + 171. Suppose 5*y + 9 = -3*z, -y - 4 = -l*z + 9. Calculate t(z).
-10
Let r be ((-148)/20 - 8/(-20)) + 8. Let d(q) = 37*q. Give d(r).
37
Suppose 6*r - 91 = 107. Let v = r + -30. Let g(z) = 3*z**v + 5*z**2 - 2*z**3 - 1 + 8*z - 2*z - 2*z. Determine g(-4).
-1
Let w(u) = 8*u + 0*u - 63 - 3*u + 14*u - 12*u. Calculate w(9).
0
Let v(x) = x - 2. Let s(f) = 5*f - 25. Let k(j) = -s(j) + 4*v(j). Calculate k(11).
6
Let u = -339 - -494. Let i(q) = -12 + 156*q - u*q + 1. What is i(7)?
-4
Let l(x) be the first derivative of -1/3*x**3 + 4*x**2 + 109 + 7*x. Let o be 162/21 + (-4)/(-14). Determine l(o).
7
Let y(o) be the second derivative of -7*o**3/3 + o**2/2 - 5*o. Let a(z) = -391*z - 2736. Let l be a(-7). Calculate y(l).
-13
Let z = -261 + 406. Let h = -87 + z. Let m = h + -55. Let t(w) = -2*w**2 + w + 3. Calculate t(m).
-12
Let h(l) = 4*l - 46 - 3*l + 9 + 19. Determine h(-2).
-20
Suppose -11 = -6*s + 49. Let m be 5/s - (-2)/(-4). Suppose 5*u - 1 - 19 = m. Let z(j) = -j**3 + 4*j**2 - 2*j + 3. Determine z(u).
-5
Let r(m) be the first derivative of -2*m**3/3 - 15*m**2/2 + 24*m + 445. Calculate r(-9).
-3
Let v = 247 - 244. Let k(s) = s - 95*s**2 + 95*s**2 + 23*s**v. Determine k(1).
24
Let b(d) = -1334 - 16*d**2 + 1340 + 26*d**2 - 12*d**2. What is b(3)?
-12
Let t(w) be the first derivative of w**4/4 - 13*w**3/3 + 7*w**2 - 9*w - 1800. Calculate t(12).
15
Let a = -117148 + 117151. Let n(m) = 0*m + 7*m - m - 2. Determine n(a).
16
Let r be (-4)/((-8)/10)*1. Let a(s) = -3*s - 2. Let d(v) = -4*v - 1. Let x(l) = 2*a(l) - 3*d(l). Give x(r).
29
Let v(j) = 2*j**3 + 18*j**2 + 14*j + 10. Let r(q) = -20*q - 1128. Let d be r(-56). Calculate v(d).
26
Let a(p) = -2*p**2 - 10*p - 7. Let w = 49 + -43. Suppose 20 = 11*b - w*b. Suppose -7*l - 38 - b = 0. Calculate a(l).
-19
Let b(x) = 66*x + 29*x + 28 - 112*x. Calculate b(-5).
113
Suppose 10 + 4 = -2*u + 5*h, 0 = -u + h - 1. Let a(b) be the first derivative of 11 + 3/2*b**2 - 3*b + 2/3*b**u. Give a(-3).
6
Suppose -4*h + 343 = 3. Let y be (544/h)/((-1)/5). Let r = y + 34. Let z(j) = -2*j - 1. What is z(r)?
-5
Suppose 3*m - 1 + 4 = 0. Let i(s) be the first derivative of -26*s**2 - 138992. Give i(m).
52
Let v(d) = 21*d**2 + 39*d + 113. Let m(c) = 13*c**2 + 23*c + 68. Let x(f) = -13*m(f) + 8*v(f). Give x(16).
-28
Let k(b) be the second derivative of b**5/20 - b**4/12 + b**2/2 - 820*b. Let o = -24 - -25. Calculate k(o).
1
Let w(l) be the first derivative of -5*l - 325 + 2*l**2 + 1/3*l**3. Suppose 8 = u - 4*u - 5*h, -2*u - h - 10 = 0. Give w(u).
7
Let t(n) = n**3 - 4*n**2 - 6. Suppose 10*w - 170 = 5*w. Let j = w - 25. Let b be 1/(1/(-4)) + j. Determine t(b).
19
Let l(n) be the second derivative of -n**5/5 - n**4/4 + 4*n**3/3 + 2*n**2 + 1910*n. Determine l(-3).
61
Suppose 0 = 5*v + 5. Let i be ((-2)/(-1))/(82/451). Let q(u) = -18 + i + 4 - 2*u + 2. Give q(v).
1
Let h(t) be the second derivative of -t**5/20 - 13*t**4/12 - 35*t**3/6 + 13*t**2/2 + 858*t - 1. Give h(-9).
4
Let t(i) = -2*i - 4. Let h = -89 - -150. Suppose -5*u - 153 = 107. Let z = u + h. What is t(z)?
-22
Let g(t) be the first derivative of -3*t**4/4 - 4*t**3/3 + 5*t**2/2 - t - 202. Let k(o) = -o**3 + o + 1. Let n(d) = g(d) - 4*k(d). Determine n(4).
-1
Let h(s) = s**2 + 24*s + 35. Let c be (0/(-26) + 21)/(-1). What is h(c)?
-28
Let i be -4*(18/(-2) + 7). Let u(r) = -10*r + r - r**2 + 2 + 2*r**2 + r. What is u(i)?
2
Let u(h) = -2947*h + 979*h + 985*h + 982*h + 3. Let y be 3/(144/44 + -3). Let s(z) = -z**2 + 10*z + 15. Let v be s(y). Determine u(v).
-1
Let j(z) = 7*z + 2*z**3 + 14 - 41 - 729*z**2 + 752*z**2 + 0*z**3. Calculate j(-11).
17
Let j(m) = -m**3 - 2*m**2 - 2*m - 7. Let d be (12 + -23 - 2) + 10. Give j(d).
8
Let f be ((-5)/(-10))/1*14. Let j(a) = -a + 0*a - 7 + 1. Calculate j(f).
-13
Suppose 7*n - 22 - 20 = 0. Let o(a) = -a**3 + 12*a**2 - 36*a - 7. Let z be o(n). Let x(g) = g**2 + 9*g + 14. What is x(z)?
0
Let t(r) = 2*r**3 + 86*r**2 - 95*r - 315. Let c be t(-44). Let m(q) = 2*q + 5 - 2 - 2 + 4. What is m(c)?
-9
Let j(x) = 3*x**2 - 85*x - 42. Let y = -42099 - -42128. What is j(y)?
16
Suppose 39 = -3*r + 48. Let y(o) = 19*o - 18*o - 19 + o**r - 7*o**2 + 20. Calculate y(7).
8
Let d = -316 - -320. Suppose j - u = -d, 4 = -5*j - 5*u + 14. Let q(f) = -6*f**2 - f - 2. Determine q(j).
-7
Let w = -13 - -7. Let g(q) = -5 + q - 13*q + 5*q + 5*q. Give g(w).
7
Let p = 1282 - -11085. Let l(d) = 3*d**3 - 2*d**3 + 1 - 12368*d**2 - d + p*d**2. What is l(1)?
0
Let n(j) = 12*j - 2. Suppose -102*s + 99*s = 5*g - 4, 2*g - 10 = 3*s. Give n(g).
22
Let f(p) = -2*p**2 + 13*p - 16. Let q = -113 + 120. Let d(c) = 4*c**2 - 25*c + 30. Let h(z) = q*f(z) + 4*d(z). Give h(6).
26
Let k(q) be the second derivative of -q**5/40 + 5*q**4/6 + 11*q**3/6 - q**2 + 30*q. Let y(g) be the second derivative of k(g). Determine y(8).
-4
Let t(k) be the third derivative of k**5/30 + 5*k**4/24 - 5*k**3/2 - 6*k**2. Let g be t(5). Suppose -g = -6*w - 6*w. Let y(p) = 2*p - 3. Give y(w).
7
Let h be (-2)/(-11) + 252/66 + 14. Let g(b) = 3 - h*b + 44*b - 31*b. Give g(4).
-17
Let u = -101 - -96. Let z be (22/u + 3)/(5/(-25)). Let a(i) = 2*i**2 - 8*i - 5. Give a(z).
37
Let u(g) = 10*g + 38. Suppose -6*d = -3996 + 3978. Let r(z) = -9*z - 38. Let x(m) = d*u(m) + 4*r(m). Determine x(-6).
-2
Let q = -8 + 18. Suppose -q = 4*l + l. Let n(w) be the third derivative of -w**4/6 + w**3/6 + 915*w**2. Give n(l).
9
Let u(j) = 188*j + 4. Let x(v) = 68*v + 1. Let f(h) = -u(h) + 3*x(h). Give f(-3).
-49
Let t(b) be the second derivative of b**4/12 + 25*b**3/6 + 91*b**2/2 + 2*b - 117. What is t(-21)?
7
Let f be (6 - 0)*(-4)/(-6). Suppose -5*x + 15 = -0*s - 5*s, -f*s - 3*x - 5 = 0. Let g be (1 - 5) + s + (0 - -2). Let d(h) = h**2 + 2*h + 6. Calculate d(g).
14
Let t be (-2)/(1*(-5 + 4)). Let c(k) = 16*k**2 + k**3 + 7 - t*k**3 + 25*k**2 - 45*k**2 + 3*k. What is c(-5)?
17
Suppose 179 = 3*u + 3*d + 167, -26 = u - 4*d. Let y(h) = -h**3 - 6*h**2 - 3. Calculate y(u).
-19
Let h(b) = -b**3 + 9*b**2 - 8*b. Let k(j) = -j**2 + 56*j - 695. Let x be k(37). What is h(x)?
0
Suppose 10 = -52*q + 57*q. Let k(o) = o + 12481 - 12479 - 2*o - o**q. Let c(v) = v**2 - 9*v + 5. Let t be c(8). Calculate k(t).
-4
Let t(h) = -h**2 - 7*h. Let r(q) = 9*q + 2*q - 3*q**2 + q + 17*q - 3*q - 59. Let v be r(5). Give t(v).
12
Let i(w) = -4924*w**3 + 32*w**2 + 2463*w**3 + 134 + 2460*w**3 + 29*w. Determine i(33).
2
Suppose -186 = -5*v - 156. Let u(g) = 0*g + 7*g**2 - 4*g - v*g**2 + 2*g + g. Calculate u(2).
2
Let x(g) = g**2 + g + 7. Let z be x(0). Let a(w) = -103 + 47 + z*w - 4*w**2 + 55 - w**3. Suppose 11 = i + 4*b, 0*i = 2*i + 2*b + 2. Determine a(i).
-11
Let v(w) be the third derivative of -1/12*w**4 + 32*w**2 + 1/2*w**3 + 0 + 0*w + 1/20*w**5. Calculate v(3).
24
Let c(h) be the first derivative of -11*h**2/2 - h + 36. Suppose 3*q + 11 = 14*q. Determine c(q).
-12
Let i be (-6)/(-1)*(-341)/62. Suppose -y - 32 = -0*y. Let p = i - y. Let s(j) = 7*j**3 - 2*j**2 - j. Determine s(p).
-8
Let g(j) = -5*j**2 + j - 1. Suppose 3*o + 5 + 3 = 5*b, -5*b = -5*o. Let l be 5/(25/15) + (2 - 4). Suppose -o*n + 3 = -l. What is g(n)?
-5
Let j(i) = -3*i + 31. Let k(m) be the second derivative of m**3/2 - 18*m**2 + m + 74. Let v(q) = 4*j(q) + 3*k(q). Determine v(5).
1
Suppose -9*p + 68 = 5. Let h(w) = -3 + 10*w**2 - 10*w - w - p*w - 11*w**2 + 5*w. What is h(-13)?
-3
Suppose -5*l = z - 28, 2*z + 22 = 5*l - 2*l. Let u(a) = -2 